{"id":106,"date":"2023-10-25T19:38:09","date_gmt":"2023-10-25T17:38:09","guid":{"rendered":"https:\/\/raffaelenault.com\/?page_id=106"},"modified":"2024-09-19T09:37:41","modified_gmt":"2024-09-19T07:37:41","slug":"biographie","status":"publish","type":"page","link":"https:\/\/raffaelenault.com\/index.php\/biographie\/","title":{"rendered":"BIO"},"content":{"rendered":"\n<figure class=\"wp-block-image size-full\"><img data-recalc-dims=\"1\" loading=\"lazy\" decoding=\"async\" width=\"2560\" height=\"2560\" src=\"https:\/\/i0.wp.com\/raffaelenault.com\/wp-content\/uploads\/2023\/12\/IMG_4828-scaled.jpg?resize=2560%2C2560&#038;ssl=1\" alt=\"\" class=\"wp-image-357\" srcset=\"https:\/\/i0.wp.com\/raffaelenault.com\/wp-content\/uploads\/2023\/12\/IMG_4828-scaled.jpg?w=2560&amp;ssl=1 2560w, https:\/\/i0.wp.com\/raffaelenault.com\/wp-content\/uploads\/2023\/12\/IMG_4828-scaled.jpg?resize=300%2C300&amp;ssl=1 300w, https:\/\/i0.wp.com\/raffaelenault.com\/wp-content\/uploads\/2023\/12\/IMG_4828-scaled.jpg?resize=1024%2C1024&amp;ssl=1 1024w, https:\/\/i0.wp.com\/raffaelenault.com\/wp-content\/uploads\/2023\/12\/IMG_4828-scaled.jpg?resize=150%2C150&amp;ssl=1 150w, https:\/\/i0.wp.com\/raffaelenault.com\/wp-content\/uploads\/2023\/12\/IMG_4828-scaled.jpg?resize=768%2C768&amp;ssl=1 768w, https:\/\/i0.wp.com\/raffaelenault.com\/wp-content\/uploads\/2023\/12\/IMG_4828-scaled.jpg?resize=1536%2C1536&amp;ssl=1 1536w, https:\/\/i0.wp.com\/raffaelenault.com\/wp-content\/uploads\/2023\/12\/IMG_4828-scaled.jpg?resize=2048%2C2048&amp;ssl=1 2048w, https:\/\/i0.wp.com\/raffaelenault.com\/wp-content\/uploads\/2023\/12\/IMG_4828-scaled.jpg?resize=855%2C855&amp;ssl=1 855w, https:\/\/i0.wp.com\/raffaelenault.com\/wp-content\/uploads\/2023\/12\/IMG_4828-scaled.jpg?resize=280%2C280&amp;ssl=1 280w, https:\/\/i0.wp.com\/raffaelenault.com\/wp-content\/uploads\/2023\/12\/IMG_4828-scaled.jpg?resize=450%2C450&amp;ssl=1 450w, https:\/\/i0.wp.com\/raffaelenault.com\/wp-content\/uploads\/2023\/12\/IMG_4828-scaled.jpg?resize=1050%2C1050&amp;ssl=1 1050w, https:\/\/i0.wp.com\/raffaelenault.com\/wp-content\/uploads\/2023\/12\/IMG_4828-scaled.jpg?resize=630%2C630&amp;ssl=1 630w\" sizes=\"auto, (max-width: 1000px) 100vw, 1000px\" \/><\/figure>\n\n\n\n<p>N\u00e9 en 1990 \u00e0 Rouen, j&#8217;ai grandi entre Anvers (Belgique) et Le Havre (France). <\/p>\n\n\n\n<p>\u00c0 16 ans, j&#8217;ai obtenu une bourse gr\u00e2ce au basketball pour \u00e9tudier aux \u00c9tats-Unis. <\/p>\n\n\n\n<p>Apr\u00e8s trois ann\u00e9es entre New York et le Vermont, je suis rentr\u00e9 en France pour faire une licence de journalisme \u00e0 l&#8217;ISCPA-Paris.<\/p>\n\n\n\n<p>J&#8217;ai ensuite obtenu un master en philosophie politique \u00e0 l&#8217;universit\u00e9 de Paris (Paris VII), puis j&#8217;ai sorti mon premier livre, &#8220;Dustan Superstar&#8221;, aux \u00e9ditions Robert Laffont. <\/p>\n\n\n\n<p>En 2018, j&#8217;ai entam\u00e9 une th\u00e8se de philosophie sous la direction de Marie Cuillerai au sein du Laboratoire du Changement Social et Politique. Cette th\u00e8se s&#8217;intitulait : &#8220;Los Angeles : du d\u00e9sir individuel \u00e0 la raison collective&#8221;.<\/p>\n\n\n\n<p>Deux ans plus tard, j&#8217;ai \u00e9crit et r\u00e9alis\u00e9 mon premier film, &#8220;Un instant de bonheur&#8221;. <\/p>\n\n\n\n<p>En 2022, j&#8217;ai pass\u00e9 une ann\u00e9e en r\u00e9sidence d&#8217;\u00e9criture \u00e0 d\u00e9velopper &#8220;Le cri des poissons&#8221;, un court-m\u00e9trage qui est actuellement en production.<\/p>\n\n\n\n<p>L&#8217;an pass\u00e9, j&#8217;ai \u00e9t\u00e9 s\u00e9lectionn\u00e9 pour une formation professionnelle en r\u00e9alisation cin\u00e9matographique \u00e0 UCLA (Californie, U.S.A.), o\u00f9 j&#8217;ai pass\u00e9 plusieurs mois.<\/p>\n\n\n\n<p>Je suis \u00e9galement journaliste pour plusieurs titres de presse.<\/p>\n\n\n\n<p class=\"has-text-align-center\"><a href=\"https:\/\/en.wikipedia.org\/wiki\/Raffa%C3%ABl_Enault\"><strong>PAGE WIKIPEDIA<\/strong><\/a><\/p>\n\n\n\n<p class=\"has-text-align-center\"><strong>(CV DISPONIBLE SUR DEMANDE)<\/strong><\/p>\n\n\n\n<p><\/p>\n","protected":false},"excerpt":{"rendered":"<p>N\u00e9 en 1990 \u00e0 Rouen, j&#8217;ai grandi entre Anvers (Belgique) et Le Havre (France). \u00c0 16 ans, j&#8217;ai obtenu une bourse gr\u00e2ce au basketball pour \u00e9tudier aux \u00c9tats-Unis. Apr\u00e8s trois ann\u00e9es entre New York et le Vermont, je suis rentr\u00e9 en France pour faire une licence de journalisme \u00e0 l&#8217;ISCPA-Paris. J&#8217;ai ensuite obtenu un master &#8230; <\/p>\n","protected":false},"author":1,"featured_media":0,"parent":0,"menu_order":0,"comment_status":"closed","ping_status":"closed","template":"","meta":{"footnotes":""},"class_list":["post-106","page","type-page","status-publish","hentry"],"yoast_head":"<!-- This site is optimized with the Yoast SEO plugin v26.1.1 - https:\/\/yoast.com\/wordpress\/plugins\/seo\/ -->\n<title>BIO - Raffa\u00ebl Enault<\/title>\n<meta name=\"robots\" content=\"index, follow, max-snippet:-1, max-image-preview:large, max-video-preview:-1\" \/>\n<link rel=\"canonical\" href=\"https:\/\/raffaelenault.com\/index.php\/biographie\/\" \/>\n<meta property=\"og:locale\" content=\"en_US\" \/>\n<meta property=\"og:type\" content=\"article\" \/>\n<meta property=\"og:title\" content=\"BIO - Raffa\u00ebl Enault\" \/>\n<meta property=\"og:description\" content=\"N\u00e9 en 1990 \u00e0 Rouen, j&#8217;ai grandi entre Anvers (Belgique) et Le Havre (France). \u00c0 16 ans, j&#8217;ai obtenu une bourse gr\u00e2ce au basketball pour \u00e9tudier aux \u00c9tats-Unis. Apr\u00e8s trois ann\u00e9es entre New York et le Vermont, je suis rentr\u00e9 en France pour faire une licence de journalisme \u00e0 l&#8217;ISCPA-Paris. J&#8217;ai ensuite obtenu un master ...\" \/>\n<meta property=\"og:url\" content=\"https:\/\/raffaelenault.com\/index.php\/biographie\/\" \/>\n<meta property=\"og:site_name\" content=\"Raffa\u00ebl Enault\" \/>\n<meta property=\"article:modified_time\" content=\"2024-09-19T07:37:41+00:00\" \/>\n<meta property=\"og:image\" content=\"https:\/\/raffaelenault.com\/wp-content\/uploads\/2023\/12\/IMG_4828-scaled.jpg\" \/>\n<meta name=\"twitter:card\" content=\"summary_large_image\" \/>\n<meta name=\"twitter:label1\" content=\"Est. reading time\" \/>\n\t<meta name=\"twitter:data1\" content=\"2 minutes\" \/>\n<script type=\"application\/ld+json\" class=\"yoast-schema-graph\">{\"@context\":\"https:\/\/schema.org\",\"@graph\":[{\"@type\":\"WebPage\",\"@id\":\"https:\/\/raffaelenault.com\/index.php\/biographie\/\",\"url\":\"https:\/\/raffaelenault.com\/index.php\/biographie\/\",\"name\":\"BIO - Raffa\u00ebl Enault\",\"isPartOf\":{\"@id\":\"https:\/\/raffaelenault.com\/#website\"},\"primaryImageOfPage\":{\"@id\":\"https:\/\/raffaelenault.com\/index.php\/biographie\/#primaryimage\"},\"image\":{\"@id\":\"https:\/\/raffaelenault.com\/index.php\/biographie\/#primaryimage\"},\"thumbnailUrl\":\"https:\/\/raffaelenault.com\/wp-content\/uploads\/2023\/12\/IMG_4828-scaled.jpg\",\"datePublished\":\"2023-10-25T17:38:09+00:00\",\"dateModified\":\"2024-09-19T07:37:41+00:00\",\"breadcrumb\":{\"@id\":\"https:\/\/raffaelenault.com\/index.php\/biographie\/#breadcrumb\"},\"inLanguage\":\"en-US\",\"potentialAction\":[{\"@type\":\"ReadAction\",\"target\":[\"https:\/\/raffaelenault.com\/index.php\/biographie\/\"]}]},{\"@type\":\"ImageObject\",\"inLanguage\":\"en-US\",\"@id\":\"https:\/\/raffaelenault.com\/index.php\/biographie\/#primaryimage\",\"url\":\"https:\/\/i0.wp.com\/raffaelenault.com\/wp-content\/uploads\/2023\/12\/IMG_4828-scaled.jpg?fit=2560%2C2560&ssl=1\",\"contentUrl\":\"https:\/\/i0.wp.com\/raffaelenault.com\/wp-content\/uploads\/2023\/12\/IMG_4828-scaled.jpg?fit=2560%2C2560&ssl=1\",\"width\":2560,\"height\":2560},{\"@type\":\"BreadcrumbList\",\"@id\":\"https:\/\/raffaelenault.com\/index.php\/biographie\/#breadcrumb\",\"itemListElement\":[{\"@type\":\"ListItem\",\"position\":1,\"name\":\"Accueil\",\"item\":\"https:\/\/raffaelenault.com\/\"},{\"@type\":\"ListItem\",\"position\":2,\"name\":\"BIO\"}]},{\"@type\":\"WebSite\",\"@id\":\"https:\/\/raffaelenault.com\/#website\",\"url\":\"https:\/\/raffaelenault.com\/\",\"name\":\"Raffa\u00ebl Enault\",\"description\":\"auteur - r\u00e9alisateur\",\"publisher\":{\"@id\":\"https:\/\/raffaelenault.com\/#\/schema\/person\/ac42daaca1234a3b5e719f1a54e3d077\"},\"potentialAction\":[{\"@type\":\"SearchAction\",\"target\":{\"@type\":\"EntryPoint\",\"urlTemplate\":\"https:\/\/raffaelenault.com\/?s={search_term_string}\"},\"query-input\":{\"@type\":\"PropertyValueSpecification\",\"valueRequired\":true,\"valueName\":\"search_term_string\"}}],\"inLanguage\":\"en-US\"},{\"@type\":[\"Person\",\"Organization\"],\"@id\":\"https:\/\/raffaelenault.com\/#\/schema\/person\/ac42daaca1234a3b5e719f1a54e3d077\",\"name\":\"admin4653\",\"image\":{\"@type\":\"ImageObject\",\"inLanguage\":\"en-US\",\"@id\":\"https:\/\/raffaelenault.com\/#\/schema\/person\/image\/\",\"url\":\"https:\/\/raffaelenault.com\/wp-content\/uploads\/2023\/10\/cropped-LogoRaffSite-1.png\",\"contentUrl\":\"https:\/\/raffaelenault.com\/wp-content\/uploads\/2023\/10\/cropped-LogoRaffSite-1.png\",\"width\":512,\"height\":512,\"caption\":\"admin4653\"},\"logo\":{\"@id\":\"https:\/\/raffaelenault.com\/#\/schema\/person\/image\/\"},\"sameAs\":[\"http:\/\/raffaelenault.com\"]}]}<\/script>\n<!-- \/ Yoast SEO plugin. -->","yoast_head_json":{"title":"BIO - Raffa\u00ebl Enault","robots":{"index":"index","follow":"follow","max-snippet":"max-snippet:-1","max-image-preview":"max-image-preview:large","max-video-preview":"max-video-preview:-1"},"canonical":"https:\/\/raffaelenault.com\/index.php\/biographie\/","og_locale":"en_US","og_type":"article","og_title":"BIO - Raffa\u00ebl Enault","og_description":"N\u00e9 en 1990 \u00e0 Rouen, j&#8217;ai grandi entre Anvers (Belgique) et Le Havre (France). \u00c0 16 ans, j&#8217;ai obtenu une bourse gr\u00e2ce au basketball pour \u00e9tudier aux \u00c9tats-Unis. Apr\u00e8s trois ann\u00e9es entre New York et le Vermont, je suis rentr\u00e9 en France pour faire une licence de journalisme \u00e0 l&#8217;ISCPA-Paris. J&#8217;ai ensuite obtenu un master ...","og_url":"https:\/\/raffaelenault.com\/index.php\/biographie\/","og_site_name":"Raffa\u00ebl Enault","article_modified_time":"2024-09-19T07:37:41+00:00","og_image":[{"url":"https:\/\/raffaelenault.com\/wp-content\/uploads\/2023\/12\/IMG_4828-scaled.jpg","type":"","width":"","height":""}],"twitter_card":"summary_large_image","twitter_misc":{"Est. reading time":"2 minutes"},"schema":{"@context":"https:\/\/schema.org","@graph":[{"@type":"WebPage","@id":"https:\/\/raffaelenault.com\/index.php\/biographie\/","url":"https:\/\/raffaelenault.com\/index.php\/biographie\/","name":"BIO - Raffa\u00ebl Enault","isPartOf":{"@id":"https:\/\/raffaelenault.com\/#website"},"primaryImageOfPage":{"@id":"https:\/\/raffaelenault.com\/index.php\/biographie\/#primaryimage"},"image":{"@id":"https:\/\/raffaelenault.com\/index.php\/biographie\/#primaryimage"},"thumbnailUrl":"https:\/\/raffaelenault.com\/wp-content\/uploads\/2023\/12\/IMG_4828-scaled.jpg","datePublished":"2023-10-25T17:38:09+00:00","dateModified":"2024-09-19T07:37:41+00:00","breadcrumb":{"@id":"https:\/\/raffaelenault.com\/index.php\/biographie\/#breadcrumb"},"inLanguage":"en-US","potentialAction":[{"@type":"ReadAction","target":["https:\/\/raffaelenault.com\/index.php\/biographie\/"]}]},{"@type":"ImageObject","inLanguage":"en-US","@id":"https:\/\/raffaelenault.com\/index.php\/biographie\/#primaryimage","url":"https:\/\/i0.wp.com\/raffaelenault.com\/wp-content\/uploads\/2023\/12\/IMG_4828-scaled.jpg?fit=2560%2C2560&ssl=1","contentUrl":"https:\/\/i0.wp.com\/raffaelenault.com\/wp-content\/uploads\/2023\/12\/IMG_4828-scaled.jpg?fit=2560%2C2560&ssl=1","width":2560,"height":2560},{"@type":"BreadcrumbList","@id":"https:\/\/raffaelenault.com\/index.php\/biographie\/#breadcrumb","itemListElement":[{"@type":"ListItem","position":1,"name":"Accueil","item":"https:\/\/raffaelenault.com\/"},{"@type":"ListItem","position":2,"name":"BIO"}]},{"@type":"WebSite","@id":"https:\/\/raffaelenault.com\/#website","url":"https:\/\/raffaelenault.com\/","name":"Raffa\u00ebl Enault","description":"auteur - r\u00e9alisateur","publisher":{"@id":"https:\/\/raffaelenault.com\/#\/schema\/person\/ac42daaca1234a3b5e719f1a54e3d077"},"potentialAction":[{"@type":"SearchAction","target":{"@type":"EntryPoint","urlTemplate":"https:\/\/raffaelenault.com\/?s={search_term_string}"},"query-input":{"@type":"PropertyValueSpecification","valueRequired":true,"valueName":"search_term_string"}}],"inLanguage":"en-US"},{"@type":["Person","Organization"],"@id":"https:\/\/raffaelenault.com\/#\/schema\/person\/ac42daaca1234a3b5e719f1a54e3d077","name":"admin4653","image":{"@type":"ImageObject","inLanguage":"en-US","@id":"https:\/\/raffaelenault.com\/#\/schema\/person\/image\/","url":"https:\/\/raffaelenault.com\/wp-content\/uploads\/2023\/10\/cropped-LogoRaffSite-1.png","contentUrl":"https:\/\/raffaelenault.com\/wp-content\/uploads\/2023\/10\/cropped-LogoRaffSite-1.png","width":512,"height":512,"caption":"admin4653"},"logo":{"@id":"https:\/\/raffaelenault.com\/#\/schema\/person\/image\/"},"sameAs":["http:\/\/raffaelenault.com"]}]}},"jetpack_sharing_enabled":true,"_links":{"self":[{"href":"https:\/\/raffaelenault.com\/index.php\/wp-json\/wp\/v2\/pages\/106","targetHints":{"allow":["GET"]}}],"collection":[{"href":"https:\/\/raffaelenault.com\/index.php\/wp-json\/wp\/v2\/pages"}],"about":[{"href":"https:\/\/raffaelenault.com\/index.php\/wp-json\/wp\/v2\/types\/page"}],"author":[{"embeddable":true,"href":"https:\/\/raffaelenault.com\/index.php\/wp-json\/wp\/v2\/users\/1"}],"replies":[{"embeddable":true,"href":"https:\/\/raffaelenault.com\/index.php\/wp-json\/wp\/v2\/comments?post=106"}],"version-history":[{"count":9,"href":"https:\/\/raffaelenault.com\/index.php\/wp-json\/wp\/v2\/pages\/106\/revisions"}],"predecessor-version":[{"id":374,"href":"https:\/\/raffaelenault.com\/index.php\/wp-json\/wp\/v2\/pages\/106\/revisions\/374"}],"wp:attachment":[{"href":"https:\/\/raffaelenault.com\/index.php\/wp-json\/wp\/v2\/media?parent=106"}],"curies":[{"name":"wp","href":"https:\/\/api.w.org\/{rel}","templated":true}]}}